{"id":301,"date":"2021-11-29T16:47:35","date_gmt":"2021-11-29T15:47:35","guid":{"rendered":"http:\/\/syndicat-salvi.fr\/?page_id=301"},"modified":"2021-11-29T17:05:09","modified_gmt":"2021-11-29T16:05:09","slug":"politique-de-protection-donnees-personnelles","status":"publish","type":"page","link":"https:\/\/syndicat-salvi.fr\/index.php\/politique-de-protection-donnees-personnelles\/","title":{"rendered":"Politique de protection donn\u00e9es personnelles"},"content":{"rendered":"\n<p><strong>La pr\u00e9sente politique concernant vos donn\u00e9es personnelles a pour objectif de<\/strong>&nbsp;:<\/p>\n\n\n\n<p>Vous informer sur les conditions dans lesquelles le syndicat Salvi va traiter vos donn\u00e9es personnelles, vous pr\u00e9ciser les droits dont vous disposez \u00e0 l\u2019\u00e9gard de vos donn\u00e9es et la fa\u00e7on dont vous pouvez les exercer&nbsp;;&nbsp;<\/p>\n\n\n\n<p>Vos donn\u00e9es personnelles sont collect\u00e9es et trait\u00e9es dans le respect des dispositions du R\u00e8glement europ\u00e9en sur la protection des donn\u00e9es (RGPD), applicable depuis le 25 mai 2018, et de la loi dite \u00ab&nbsp;Informatique et Libert\u00e9s&nbsp;\u00bb du 6 janvier 1978 modifi\u00e9e.<\/p>\n\n\n\n<p>Responsable du traitement, Salvi est responsable du traitement des donn\u00e9es personnelles que vous lui communiquez.<\/p>\n\n\n\n<p>Vos donn\u00e9es personnelles sont accessibles aux seules personnes ayant besoin d\u2019en conna\u00eetre en raison de leurs fonctions et de leur mission. Ces personnes sont form\u00e9es aux r\u00e8gles de la protection des donn\u00e9es personnelles afin notamment de garantir la s\u00e9curit\u00e9 et la confidentialit\u00e9 des donn\u00e9es que vous nous communiquez. Salvi recourt \u00e0 un prestataire informatique, OVH, pour l\u2019h\u00e9bergement de ses donn\u00e9es.<\/p>\n\n\n\n<p><strong>Vos droits<\/strong><\/p>\n\n\n\n<p>Vous disposez, \u00e0 l&rsquo;\u00e9gard de vos donn\u00e9es, des droits suivants :<\/p>\n\n\n\n<ul class=\"wp-block-list\"><li>Le<strong>&nbsp;droit d\u2019acc\u00e8s<\/strong>&nbsp;vous permet d\u2019obtenir de Salvi la confirmation que vos donn\u00e9es font l\u2019objet d\u2019un traitement, ou non. Dans l\u2019affirmative, l\u2019exercice de ce droit vous offre la possibilit\u00e9 d\u2019obtenir la communication des donn\u00e9es que nous d\u00e9tenons sur vous.<\/li><\/ul>\n\n\n\n<ul class=\"wp-block-list\"><li>Le&nbsp;<strong>droit de rectification<\/strong>&nbsp;vous permet de rectifier des donn\u00e9es vous concernant qui sont inexactes ou incompl\u00e8tes.<\/li><\/ul>\n\n\n\n<ul class=\"wp-block-list\"><li>Le&nbsp;<strong>droit \u00e0 l\u2019effacement<\/strong>&nbsp;vous permet de demander \u00e0 Salvi de proc\u00e9der \u00e0 la suppression de vos donn\u00e9es personnelles. Cette demande d\u2019effacement peut notamment intervenir dans le cas o\u00f9 les donn\u00e9es dont nous disposons sur vous ne sont plus n\u00e9cessaires au regard de la finalit\u00e9 pour laquelle elles ont \u00e9t\u00e9 collect\u00e9es.<\/li><\/ul>\n\n\n\n<ul class=\"wp-block-list\"><li>Le&nbsp;<strong>droit \u00e0 la limitation du traitement<\/strong>&nbsp;vous permet de demander la suspension du traitement de vos donn\u00e9es lorsque, par exemple, Salvi doit v\u00e9rifier l\u2019exactitude de vos donn\u00e9es lorsque vous la contestez.<\/li><\/ul>\n\n\n\n<ul class=\"wp-block-list\"><li>Le&nbsp;<strong>droit \u00e0 la portabilit\u00e9<\/strong>&nbsp;vous permet de r\u00e9cup\u00e9rer les donn\u00e9es vous concernant afin de les transmettre \u00e0 un autre organisme qui les traitera \u00e0 son tour, sans que Salvi y fasse obstacle. Vous ne pouvez exercer ce droit que pour r\u00e9cup\u00e9rer les donn\u00e9es qui sont trait\u00e9es pour l\u2019envoi de la lettre d\u2019information \u00e9lectronique.<\/li><\/ul>\n\n\n\n<ul class=\"wp-block-list\"><li>Le&nbsp;<strong>droit d\u2019opposition<\/strong>&nbsp;vous permet de demander \u00e0 Salvi, pour des raisons tenant \u00e0 votre situation particuli\u00e8re, de cesser de traiter vos donn\u00e9es personnelles \u00e0 des fins de gestion de votre adh\u00e9sion, de votre demande d\u2019information et d\u2019utilisation de l\u2019espace membres.<\/li><\/ul>\n\n\n\n<ul class=\"wp-block-list\"><li>Vous disposez \u00e9galement, concernant le traitement de vos donn\u00e9es qui nous permet de vous adresser la lettre d\u2019information \u00e9lectronique de Salvi, d\u2019un&nbsp;<strong>droit de retrait du consentement<\/strong>. L\u2019exercice de ce droit conduit Salvi \u00e0 vous retirer de la liste de diffusion de cette lettre et ainsi interrompre son envoi.<\/li><\/ul>\n\n\n\n<p>Vous disposez, enfin, du&nbsp;<strong>droit d\u2019introduire une r\u00e9clamation&nbsp;<\/strong>aupr\u00e8s de la Commission nationale de l\u2019informatique et des libert\u00e9s (CNIL) dans le cas o\u00f9 vous consid\u00e9reriez que l\u2019utilisation que nous faisons de vos donn\u00e9es m\u00e9connait les dispositions du RGPD.<\/p>\n\n\n\n<p class=\"yellowLink\">Vous \u00eates en mesure d&rsquo;exercer l\u2019ensemble de vos droits, \u00e0 tout moment, en adressant une demande par voie du formulaire de <a href=\"https:\/\/syndicat-salvi.fr\/index.php\/nous-contacter\/\">contact&nbsp;<\/a>pr\u00e9sent sur le site.<\/p>\n","protected":false},"excerpt":{"rendered":"<p>La pr\u00e9sente politique concernant vos donn\u00e9es personnelles a pour objectif de&nbsp;: Vous informer sur les conditions dans lesquelles le syndicat Salvi va traiter vos donn\u00e9es personnelles, vous pr\u00e9ciser les droits dont vous disposez \u00e0 l\u2019\u00e9gard de vos donn\u00e9es et la<\/p>\n","protected":false},"author":1,"featured_media":0,"parent":0,"menu_order":0,"comment_status":"closed","ping_status":"closed","template":"","meta":{"footnotes":""},"class_list":["post-301","page","type-page","status-publish","hentry"],"post_mailing_queue_ids":[],"_links":{"self":[{"href":"https:\/\/syndicat-salvi.fr\/index.php\/wp-json\/wp\/v2\/pages\/301","targetHints":{"allow":["GET"]}}],"collection":[{"href":"https:\/\/syndicat-salvi.fr\/index.php\/wp-json\/wp\/v2\/pages"}],"about":[{"href":"https:\/\/syndicat-salvi.fr\/index.php\/wp-json\/wp\/v2\/types\/page"}],"author":[{"embeddable":true,"href":"https:\/\/syndicat-salvi.fr\/index.php\/wp-json\/wp\/v2\/users\/1"}],"replies":[{"embeddable":true,"href":"https:\/\/syndicat-salvi.fr\/index.php\/wp-json\/wp\/v2\/comments?post=301"}],"version-history":[{"count":7,"href":"https:\/\/syndicat-salvi.fr\/index.php\/wp-json\/wp\/v2\/pages\/301\/revisions"}],"predecessor-version":[{"id":314,"href":"https:\/\/syndicat-salvi.fr\/index.php\/wp-json\/wp\/v2\/pages\/301\/revisions\/314"}],"wp:attachment":[{"href":"https:\/\/syndicat-salvi.fr\/index.php\/wp-json\/wp\/v2\/media?parent=301"}],"curies":[{"name":"wp","href":"https:\/\/api.w.org\/{rel}","templated":true}]}}